 the prime factors of z?
2, 3
What are the prime factors of (1 + 5)/((-396)/(-126984))?
2, 13, 37
Let u(s) = -s**3 - 5*s**2 + 4. Let h be u(-5). Let i(o) = o**2 - 2*o + 6. What are the prime factors of i(h)?
2, 7
Let g be 8/44 - 4528/(-22). Let h = -17 + g. Suppose -2*l + h = 5*j, j = 4*l + 29 + 22. List the prime factors of j.
3, 13
Let w be 3 + -1 - (-5 + 5). Suppose -4*x + 109 = 4*z - 7, -w*x = z - 54. What are the prime factors of (-199)/(-5) - (-5)/x?
2, 5
List the prime factors of (-168300)/(-357) - 4/(-7).
2, 59
Suppose 0 = -5*s + 456 + 1554. Suppose 2*f + 4*q = q - 249, -3*f + 5*q - s = 0. Let i = -82 - f. What are the prime factors of i?
47
Let s(v) = -v**2 + 3*v - 1. Let d be s(2). Let r be (2 + -3)*(d + -1). Suppose 2*x = 4*z - 80, r = -z - x + 24 - 1. List the prime factors of z.
3, 7
Let p(k) = -11*k**2 - 3*k + 306. Let j(b) = 7*b**2 + 2*b - 204. Let q(h) = -8*j(h) - 5*p(h). What are the prime factors of q(0)?
2, 3, 17
List the prime factors of 3 + 1 - 0 - (54 + -109).
59
Let t = -245 + 4246. What are the prime factors of t?
4001
Let g = 894 + -859. Suppose -u - 8 = -5*q, 0 = -3*q + 6*u - u - 4. Suppose 139 = q*s + g. What are the prime factors of s?
2, 13
Let q(o) = 76*o - 154. What are the prime factors of q(7)?
2, 3, 7
Suppose 2*l + 3*s = 14 + 4, 3*s = -4*l + 24. Suppose -l*n + 2*d + 12 = -81, -3*n = -4*d - 99. What are the prime factors of n?
29
What are the prime factors of 5/(-55) - (-33468)/66?
3, 13
Let n(o) = -o**2 + 3*o - 4. Let u be n(4). Let h = -12 + u. What are the prime factors of -2*(-3)/(-12)*h?
2, 5
Suppose -3*g + 5*g = 234. Let c = g + -28. What are the prime factors of c?
89
Suppose z + 24*z = 150. What are the prime factors of z?
2, 3
Let t(i) = i**2 + i + 65. Let p = 27 - 30. Let j be (0/p)/(0 - 3). What are the prime factors of t(j)?
5, 13
Let k(w) = 213*w + 9. Let q(i) = -106*i - 5. Let x(y) = -4*k(y) - 7*q(y). Let h be x(-1). Let s = h - 75. What are the prime factors of s?
2, 17
Let k(w) = 9 - 6 + 2*w - 2 - 5. Let v be (-58)/(-18) - (-2)/(-9). List the prime factors of k(v).
2
Let x be (56/(-5))/((-12)/120). Let q = 72 - x. List the prime factors of 12/5*q/(-12).
2
What are the prime factors of 518/3626 + (1 - 19528/(-14))?
2, 349
Let s = -14 - -30. Suppose -s + 30 = 2*b. List the prime factors of b.
7
Let m = 4327 - 256. What are the prime factors of m?
3, 23, 59
Let n = 11 - -36. Let c = 93 - n. What are the prime factors of c?
2, 23
Let t(d) = 3*d**2 + 13*d - 7. Let u be (-8)/20*(-6 - -26). What are the prime factors of t(u)?
3
Let t(b) = 5*b**2 - 7*b + 6. List the prime factors of t(-7).
2, 3, 5
Let m(j) = j + 2. Let b be m(1). Suppose 5*r - 329 = a, b*a = r - 2*a - 85. List the prime factors of r.
5, 13
Let c(n) = n**3 + 19*n**2 - 47*n + 22. What are the prime factors of c(-9)?
5, 251
Let x = -29 + 25. Let u be x/(-14) + (-10)/35. Suppose -5*z + u*z + 30 = 0. List the prime factors of z.
2, 3
Let k = 452 + -449. Suppose -2 = h - 7. Suppose q - 4*j - 15 = -k*j, 0 = 2*q + h*j - 30. What are the prime factors of q?
3, 5
Suppose 3*w + 2*z - 1062 = 3395, -2*w + z + 2976 = 0. List the prime factors of w.
1487
Let a be 2/(-5) + 51/15. Suppose a*k + 4*s - 20 = 2, -2*s = -4*k. List the prime factors of 4/k - (-12 - -2).
2, 3
Let y = -4328 + 7399. List the prime factors of y.
37, 83
Let q be (-1)/((-945)/950 + 1). Let j = q + 268. List the prime factors of j.
2, 3, 13
Let x(y) = 5*y**2 - 15*y - 8. Let m be (-2)/44*-136 + 2/(-11). What are the prime factors of x(m)?
2, 41
Let h = 214 - 116. What are the prime factors of h?
2, 7
Let r be 134/14 + (-20)/35. Suppose 3 = -d + r. Suppose 7*v - d*v = -m + 48, 2*v - 144 = -3*m. What are the prime factors of m?
2, 3
Suppose -c + 45 = -2*t, 5*t = 5*c - 7*c + 117. List the prime factors of c.
3, 17
Suppose 4*a = c + 2346, -3*c = a - 303 - 290. What are the prime factors of a?
587
Let g = -26 + 20. Let m be (6/(-4))/(g/(-104)). Let x = m - -75. What are the prime factors of x?
7
Let j(h) = 43*h + 5. Let f(d) = d. Let s(a) = 6*f(a) + j(a). What are the prime factors of s(2)?
103
Let a be ((-1)/(-2))/((-2)/12). Let q(s) be the second derivative of -s**5/20 + s**4/6 + 2*s**3/3 - s**2/2 + 31*s. List the prime factors of q(a).
2
Let q(l) = 3*l**2 - 10*l + 76. List the prime factors of q(15).
601
List the prime factors of 0 + 952 + (-9)/(-9).
953
Let k = -213 + 718. List the prime factors of k.
5, 101
Let q = 3167 + -1136. List the prime factors of q.
3, 677
Let o be 4/(-6) - 496/12. Let u = o + 90. What are the prime factors of u?
2, 3
Let o be 13/2 - (-4)/(-8). Let i(g) = -g**3 + o - 5 + 7*g**2 + 3 - g**2. What are the prime factors of i(6)?
2
Let y be 9/3 - ((-2 - 1) + -8). What are the prime factors of ((-2)/(-3))/(y/357)?
17
Suppose 3067 = 12*d - 2969. Let q = d - 334. What are the prime factors of q?
13
Let d(b) = b**3 - 6*b**2 - 10*b + 4. Let s be d(7). Let g = s + 19. List the prime factors of g*2 - (2 - 2).
2
Let y(p) = 31*p**3 + 2*p**2 - 1. Let g = -8 - -15. Suppose 5*a - 4*a + 3 = n, -g = n + 4*a. List the prime factors of y(n).
2
Let q = -12 - -14. Suppose 0 = 3*x - q + 14. What are the prime factors of 4/x*4 + 11?
7
Suppose -2*j = -c - 852, 574 + 1559 = 5*j - 4*c. List the prime factors of j.
5, 17
Let p be (-3602)/(-9) - 2/9. Let v = -280 + p. List the prime factors of v.
2, 3, 5
Let h(l) = -8*l - 2. Let u be h(-3). Suppose 0 = -2*d + u - 18. Suppose 0*i - 50 = -d*i. What are the prime factors of i?
5
Suppose -5*u + 4*u = 3*m - 5, -2*u = 8. Let g(l) be the first derivative of 3*l**2/2 - 1. List the prime factors of g(m).
3
Suppose -31 + 3 = -4*f. Let u = f - -13. Suppose 0 = -0*g + g - u. List the prime factors of g.
2, 5
Let o = -2 + 24. Let t = 24 - o. What are the prime factors of t?
2
Suppose 0 = 7*a - 22 - 13. Suppose 5*t - 95 = -a*b, 0 = -t - t - 4. List the prime factors of b.
3, 7
Suppose -21*b + 4186 + 11480 = 0. List the prime factors of b.
2, 373
Suppose -10*z - 4*w + 956 = -8*z, 1860 = 4*z - 5*w. What are the prime factors of z?
2, 5, 47
What are the prime factors of (75/(-20))/((-9)/420)?
5, 7
Let a(c) = -c + 8. Let v be a(5). Suppose u = 3*z - 0*z - 611, -4*u + 208 = z. Suppose t - z = -v*t. List the prime factors of t.
3, 17
Let f be (3 - 2) + 2 + 21. Let g = -1 + f. List the prime factors of g.
23
Let t(j) = -42*j**2 - 2. Let u be t(1). Let s = 97 + u. What are the prime factors of s?
53
Let q(i) = 2*i + 7*i - 6*i - 8. Let w be q(4). Suppose 3*n - 116 = -w*u - 0*u, -3*u + 5*n + 58 = 0. List the prime factors of u.
2, 13
Let q be (32/48)/((-2)/(-12)). Suppose 12*b - 568 = q*b. What are the prime factors of b?
71
Let h(r) = -3*r - 4 + 6 - 6. Let d be h(-3). Suppose p + d*n - 13 = 1, 2*n + 4 = 0. List the prime factors of p.
2, 3
Let q(m) = 9*m**2 - 23*m + 293. What are the prime factors of q(21)?
3779
Suppose 3*k - 371 = 4*m, k - 129 = -2*m - 2*m. What are the prime factors of k?
5
Let i(v) = 312*v**2 + 8*v + 9. List the prime factors of i(-1).
313
Let y(x) = 5*x**2 + 108*x - 15. What are the prime factors of y(-26)?
557
Let w = -920 + 4705. What are the prime factors of w?
5, 757
Let n = 20 - 10. Let z(v) = -v + 10. Let w be z(n). Suppose w = -2*j + 2*b + 22, 3*j - 4*b - 21 = 17. What are the prime factors of j?
2, 3
Let x be 12 - (-3)/(12/8). Let u = x - -22. Suppose -5*j + u = -74. What are the prime factors of j?
2, 11
Let i be (-3 + 20/16)*-68. Let q = i - 72. What are the prime factors of q?
47
Let h be 2 - (-3 - -3) - -2. Suppose 0 = -h*a + 5*a - 43. What are the prime factors of 8 + -5 - (-3 - a)?
7
Suppose -13 - 3 = -2*j. List the prime factors of (519/6)/(-3 + 28/j).
173
Suppose -3*u + 5*u - 1164 = 0. What are the prime factors of u?
2, 3, 97
Suppose 53 = 8*w + 29. Suppose -5*i - q = -403, i - w*i + 168 = -3*q. What are the prime factors of i?
3
Let h(f) = -f**3 + 8*f - 6 - 7*f**2 - 8*f**2 - 10 + 7*f. Let l be h(-16). What are the prime factors of (-4)/20*l - -23?
23
Let v(s) = s**3 - 21*s**2 + 40*s - 24. Let t be v(19). Suppose n - 2*n - t = 4*i, -i = -5*n + 14. List the prime factors of n.
2
Suppose 3*w - 2*w - 22 = 0. Let c = w + -20. Suppose c*q = -j + 51, -2*j + 2*q + 96 = -0*q. What are the prime factors of j?
7
Let r(o) = -3*o + 390. What are the prime factors of r(18)?
2, 3, 7
Let z = -25 - -29. Suppose -5*d + d = -z*f + 152, -